CRAN Package Check Results for Package MSbox

Last updated on 2020-08-06 15:49:38 CEST.

Flavor Version Tinstall Tcheck Ttotal Status Flags
r-devel-linux-x86_64-debian-clang 1.2.1 7.38 27.87 35.25 OK
r-devel-linux-x86_64-debian-gcc 1.2.1 6.17 22.13 28.30 OK
r-devel-linux-x86_64-fedora-clang 1.2.1 51.40 OK
r-devel-linux-x86_64-fedora-gcc 1.2.1 41.38 OK
r-devel-windows-ix86+x86_64 1.2.1 15.00 43.00 58.00 ERROR
r-patched-linux-x86_64 1.2.1 7.88 27.56 35.44 OK
r-patched-solaris-x86 1.2.1 71.50 OK
r-release-linux-x86_64 1.2.1 7.14 27.52 34.66 OK
r-release-macos-x86_64 1.2.1 OK
r-release-windows-ix86+x86_64 1.2.1 16.00 52.00 68.00 ERROR
r-oldrel-macos-x86_64 1.2.1 OK
r-oldrel-windows-ix86+x86_64 1.2.1 8.00 42.00 50.00 ERROR

Check Details

Version: 1.2.1
Check: examples
Result: ERROR
    Running examples in 'MSbox-Ex.R' failed
    The error most likely occurred in:
    
    > ### Name: describe
    > ### Title: Get the compound information
    > ### Aliases: describe
    >
    > ### ** Examples
    >
    > describe('malic acid', "formula")
    Warning in open.connection(x, "rb") :
     InternetOpenUrl failed: 'Die Serververbindung konnte nicht hergestellt werden.'
    Error in open.connection(x, "rb") : cannot open the connection
    Calls: describe ... read_xml.character -> read_xml.connection -> open -> open.connection
    Execution halted
Flavors: r-devel-windows-ix86+x86_64, r-release-windows-ix86+x86_64, r-oldrel-windows-ix86+x86_64