CRAN Package Check Results for Package MSEtool

Last updated on 2020-08-14 03:47:51 CEST.

Flavor Version Tinstall Tcheck Ttotal Status Flags
r-devel-linux-x86_64-debian-clang 2.0.0 171.87 221.70 393.57 OK
r-devel-linux-x86_64-debian-gcc 2.0.0 169.93 163.36 333.29 OK
r-devel-linux-x86_64-fedora-clang 2.0.0 513.88 NOTE
r-devel-linux-x86_64-fedora-gcc 2.0.0 533.70 OK
r-devel-windows-ix86+x86_64 2.0.0 337.00 344.00 681.00 NOTE
r-patched-linux-x86_64 2.0.0 180.52 215.05 395.57 OK
r-patched-solaris-x86 2.0.0 518.60 NOTE
r-release-linux-x86_64 2.0.0 190.82 215.82 406.64 OK
r-release-macos-x86_64 2.0.0 NOTE
r-release-windows-ix86+x86_64 2.0.0 335.00 367.00 702.00 NOTE
r-oldrel-macos-x86_64 2.0.0 NOTE
r-oldrel-windows-ix86+x86_64 2.0.0 235.00 247.00 482.00 NOTE

Check Details

Version: 2.0.0
Check: installed package size
Result: NOTE
     installed size is 30.4Mb
     sub-directories of 1Mb or more:
     R 1.5Mb
     doc 1.2Mb
     libs 27.3Mb
Flavors: r-devel-linux-x86_64-fedora-clang, r-devel-windows-ix86+x86_64, r-patched-solaris-x86, r-release-macos-x86_64, r-release-windows-ix86+x86_64, r-oldrel-macos-x86_64, r-oldrel-windows-ix86+x86_64