CRAN Package Check Results for Package MPINet

Last updated on 2020-08-08 15:46:55 CEST.

Flavor Version Tinstall Tcheck Ttotal Status Flags
r-devel-linux-x86_64-debian-clang 1.0 9.21 76.15 85.36 NOTE
r-devel-linux-x86_64-debian-gcc 1.0 6.25 56.63 62.88 NOTE
r-devel-linux-x86_64-fedora-clang 1.0 106.46 NOTE
r-devel-linux-x86_64-fedora-gcc 1.0 96.16 NOTE
r-devel-windows-ix86+x86_64 1.0 18.00 117.00 135.00 NOTE
r-patched-linux-x86_64 1.0 7.88 74.51 82.39 NOTE
r-patched-solaris-x86 1.0 142.80 NOTE
r-release-linux-x86_64 1.0 7.94 72.84 80.78 NOTE
r-release-macos-x86_64 1.0 NOTE
r-release-windows-ix86+x86_64 1.0 20.00 85.00 105.00 NOTE
r-oldrel-macos-x86_64 1.0 NOTE
r-oldrel-windows-ix86+x86_64 1.0 10.00 91.00 101.00 NOTE

Check Details

Version: 1.0
Check: DESCRIPTION meta-information
Result: NOTE
    Malformed Title field: should not end in a period.
Flavors: r-devel-linux-x86_64-debian-clang, r-devel-linux-x86_64-debian-gcc, r-devel-linux-x86_64-fedora-clang, r-devel-linux-x86_64-fedora-gcc, r-devel-windows-ix86+x86_64, r-patched-linux-x86_64, r-patched-solaris-x86, r-release-linux-x86_64, r-release-macos-x86_64, r-release-windows-ix86+x86_64, r-oldrel-macos-x86_64, r-oldrel-windows-ix86+x86_64

Version: 1.0
Check: R code for possible problems
Result: NOTE
    GetExampleData: no visible binding for global variable 'MPINetData'
    Getenvir: no visible binding for global variable 'MPINetData'
    getPSS: no visible global function definition for 'lines'
    performpcls: no visible global function definition for 'binomial'
    Undefined global functions or variables:
     MPINetData binomial lines
    Consider adding
     importFrom("graphics", "lines")
     importFrom("stats", "binomial")
    to your NAMESPACE file.
Flavors: r-devel-linux-x86_64-debian-clang, r-devel-linux-x86_64-debian-gcc, r-devel-linux-x86_64-fedora-clang, r-devel-linux-x86_64-fedora-gcc, r-devel-windows-ix86+x86_64, r-patched-linux-x86_64, r-patched-solaris-x86, r-release-linux-x86_64, r-release-macos-x86_64, r-release-windows-ix86+x86_64, r-oldrel-macos-x86_64, r-oldrel-windows-ix86+x86_64