CRAN Package Check Results for Package MLGL

Last updated on 2024-02-29 04:54:20 CET.

Flavor Version Tinstall Tcheck Ttotal Status Flags
r-devel-linux-x86_64-debian-clang 1.0.0 12.65 116.18 128.83 NOTE
r-devel-linux-x86_64-debian-gcc 1.0.0 10.96 86.60 97.56 NOTE
r-devel-linux-x86_64-fedora-clang 1.0.0 165.01 NOTE
r-devel-linux-x86_64-fedora-gcc 1.0.0 164.43 NOTE
r-devel-windows-x86_64 1.0.0 13.00 106.00 119.00 OK
r-patched-linux-x86_64 1.0.0 23.53 114.40 137.93 OK
r-release-linux-x86_64 1.0.0 16.40 113.61 130.01 OK
r-release-macos-arm64 1.0.0 50.00 OK
r-release-macos-x86_64 1.0.0 83.00 OK
r-release-windows-x86_64 1.0.0 17.00 128.00 145.00 OK
r-oldrel-macos-arm64 1.0.0 42.00 OK
r-oldrel-windows-x86_64 1.0.0 19.00 121.00 140.00 OK

Check Details

Version: 1.0.0
Check: Rd files
Result: NOTE checkRd: (-1) MLGL.Rd:43: Lost braces; missing escapes or markup? 43 | \item{y}{vector of size n. If loss = "logit", elements of y must be in {-1,1}} | ^ checkRd: (-1) cv.MLGL.Rd:25: Lost braces; missing escapes or markup? 25 | \item{y}{vector of size n. If loss = "logit", elements of y must be in {-1,1}} | ^ checkRd: (-1) overlapgglasso.Rd:26: Lost braces; missing escapes or markup? 26 | \item{y}{vector of size n. If loss = "logit", elements of y must be in {-1,1}} | ^ checkRd: (-1) stability.MLGL.Rd:25: Lost braces; missing escapes or markup? 25 | \item{y}{vector of size n. If loss = "logit", elements of y must be in {-1,1}} | ^ Flavors: r-devel-linux-x86_64-debian-clang, r-devel-linux-x86_64-debian-gcc, r-devel-linux-x86_64-fedora-clang, r-devel-linux-x86_64-fedora-gcc