CRAN Package Check Results for Package MLDAShiny

Last updated on 2020-08-11 15:48:42 CEST.

Flavor Version Tinstall Tcheck Ttotal Status Flags
r-devel-linux-x86_64-debian-clang 0.1.0 2.21 18.31 20.52 OK
r-devel-linux-x86_64-debian-gcc 0.1.0 0.30 1.85 2.15 ERROR
r-devel-linux-x86_64-fedora-clang 0.1.0 33.26 NOTE
r-devel-linux-x86_64-fedora-gcc 0.1.0 23.46 NOTE
r-devel-windows-ix86+x86_64 0.1.0 16.00 28.00 44.00 OK
r-patched-linux-x86_64 0.1.0 2.13 18.00 20.13 OK
r-patched-solaris-x86 0.1.0 37.00 NOTE
r-release-linux-x86_64 0.1.0 0.40 2.35 2.75 ERROR
r-release-macos-x86_64 0.1.0 NOTE
r-release-windows-ix86+x86_64 0.1.0 14.00 43.00 57.00 OK
r-oldrel-macos-x86_64 0.1.0 NOTE
r-oldrel-windows-ix86+x86_64 0.1.0 5.00 33.00 38.00 OK

Check Details

Version: 0.1.0
Check: package dependencies
Result: ERROR
    Package required but not available: ‘caret’
    
    See section ‘The DESCRIPTION file’ in the ‘Writing R Extensions’
    manual.
Flavors: r-devel-linux-x86_64-debian-gcc, r-release-linux-x86_64

Version: 0.1.0
Check: dependencies in R code
Result: NOTE
    Namespaces in Imports field not imported from:
     ‘DiscriMiner’ ‘MASS’ ‘caret’ ‘datasets’ ‘dplyr’ ‘e1071’ ‘klaR’
     ‘rhandsontable’ ‘shiny’
     All declared Imports should be used.
Flavors: r-devel-linux-x86_64-fedora-clang, r-devel-linux-x86_64-fedora-gcc, r-patched-solaris-x86, r-release-macos-x86_64, r-oldrel-macos-x86_64