CRAN Package Check Results for Package MKmisc

Last updated on 2024-02-26 16:56:29 CET.

Flavor Version Tinstall Tcheck Ttotal Status Flags
r-devel-linux-x86_64-debian-clang 1.9 11.51 111.56 123.07 OK
r-devel-linux-x86_64-debian-gcc 1.9 9.18 82.26 91.44 OK
r-devel-linux-x86_64-fedora-clang 1.9 146.12 NOTE
r-devel-linux-x86_64-fedora-gcc 1.9 155.32 OK
r-devel-windows-x86_64 1.9 11.00 107.00 118.00 OK
r-patched-linux-x86_64 1.9 14.30 108.67 122.97 OK
r-release-linux-x86_64 1.9 9.50 105.71 115.21 OK
r-release-macos-arm64 1.9 51.00 OK
r-release-macos-x86_64 1.9 88.00 NOTE
r-release-windows-x86_64 1.9 14.00 127.00 141.00 OK
r-oldrel-macos-arm64 1.9 53.00 OK
r-oldrel-windows-x86_64 1.9 14.00 134.00 148.00 OK

Check Details

Version: 1.9
Check: Rd cross-references
Result: NOTE Undeclared packages ‘rms’, ‘Hmisc’, ‘genefilter’ in Rd xrefs Flavor: r-devel-linux-x86_64-fedora-clang

Version: 1.9
Check: Rd cross-references
Result: NOTE Package unavailable to check Rd xrefs: ‘genefilter’ Flavor: r-release-macos-x86_64