CRAN Package Check Results for Package MGSDA

Last updated on 2020-08-08 15:46:54 CEST.

Flavor Version Tinstall Tcheck Ttotal Status Flags
r-devel-linux-x86_64-debian-clang 1.4 3.30 23.16 26.46 OK
r-devel-linux-x86_64-debian-gcc 1.4 2.23 17.74 19.97 OK
r-devel-linux-x86_64-fedora-clang 1.4 39.84 NOTE
r-devel-linux-x86_64-fedora-gcc 1.4 29.88 NOTE
r-devel-windows-ix86+x86_64 1.4 16.00 60.00 76.00 OK
r-patched-linux-x86_64 1.4 2.77 22.83 25.60 OK
r-patched-solaris-x86 1.4 45.70 OK
r-release-linux-x86_64 1.4 2.52 22.46 24.98 OK
r-release-macos-x86_64 1.4 OK
r-release-windows-ix86+x86_64 1.4 13.00 41.00 54.00 OK
r-oldrel-macos-x86_64 1.4 OK
r-oldrel-windows-ix86+x86_64 1.4 8.00 46.00 54.00 OK

Check Details

Version: 1.4
Check: compiled code
Result: NOTE
    File ‘MGSDA/libs/MGSDA.so’:
     Found no calls to: ‘R_registerRoutines’, ‘R_useDynamicSymbols’
    
    It is good practice to register native routines and to disable symbol
    search.
    
    See ‘Writing portable packages’ in the ‘Writing R Extensions’ manual.
Flavors: r-devel-linux-x86_64-fedora-clang, r-devel-linux-x86_64-fedora-gcc