CRAN Package Check Results for Package MEDseq

Last updated on 2020-08-07 15:48:48 CEST.

Flavor Version Tinstall Tcheck Ttotal Status Flags
r-devel-linux-x86_64-debian-clang 1.1.1 15.92 275.94 291.86 OK
r-devel-linux-x86_64-debian-gcc 1.1.1 13.75 191.75 205.50 OK
r-devel-linux-x86_64-fedora-clang 1.1.1 351.81 OK
r-devel-linux-x86_64-fedora-gcc 1.1.1 326.39 OK
r-devel-windows-ix86+x86_64 1.1.1 55.00 308.00 363.00 OK
r-patched-linux-x86_64 1.1.1 11.89 255.45 267.34 OK
r-patched-solaris-x86 1.1.1 520.90 OK
r-release-linux-x86_64 1.1.1 12.84 250.85 263.69 OK
r-release-macos-x86_64 1.1.1 OK
r-release-windows-ix86+x86_64 1.1.1 39.00 311.00 350.00 OK
r-oldrel-macos-x86_64 1.1.1 ERROR
r-oldrel-windows-ix86+x86_64 1.1.0 27.00 280.00 307.00 OK

Check Details

Version: 1.1.1
Check: whether package can be installed
Result: ERROR
    Installation failed.
Flavor: r-oldrel-macos-x86_64