CRAN Package Check Results for Package MDBED

Last updated on 2020-08-13 15:51:11 CEST.

Flavor Version Tinstall Tcheck Ttotal Status Flags
r-devel-linux-x86_64-debian-clang 1.0.0 4.80 49.53 54.33 OK
r-devel-linux-x86_64-debian-gcc 1.0.0 3.55 36.83 40.38 OK
r-devel-linux-x86_64-fedora-clang 1.0.0 70.46 NOTE
r-devel-linux-x86_64-fedora-gcc 1.0.0 63.12 NOTE
r-devel-windows-ix86+x86_64 1.0.0 27.00 113.00 140.00 OK
r-patched-linux-x86_64 1.0.0 4.09 48.13 52.22 OK
r-patched-solaris-x86 1.0.0 96.70 NOTE
r-release-linux-x86_64 1.0.0 4.71 47.70 52.41 OK
r-release-macos-x86_64 1.0.0 NOTE
r-release-windows-ix86+x86_64 1.0.0 21.00 104.00 125.00 OK
r-oldrel-macos-x86_64 1.0.0 NOTE
r-oldrel-windows-ix86+x86_64 1.0.0 11.00 77.00 88.00 OK

Check Details

Version: 1.0.0
Check: dependencies in R code
Result: NOTE
    Namespace in Imports field not imported from: ‘psych’
     All declared Imports should be used.
Flavors: r-devel-linux-x86_64-fedora-clang, r-devel-linux-x86_64-fedora-gcc, r-patched-solaris-x86, r-release-macos-x86_64, r-oldrel-macos-x86_64