CRAN Package Check Results for Package MCMCprecision

Last updated on 2020-08-09 15:47:49 CEST.

Flavor Version Tinstall Tcheck Ttotal Status Flags
r-devel-linux-x86_64-debian-clang 0.4.0 99.12 69.73 168.85 OK
r-devel-linux-x86_64-debian-gcc 0.4.0 78.58 54.01 132.59 OK
r-devel-linux-x86_64-fedora-clang 0.4.0 237.92 NOTE
r-devel-linux-x86_64-fedora-gcc 0.4.0 214.27 OK
r-devel-windows-ix86+x86_64 0.4.0 226.00 115.00 341.00 OK
r-patched-linux-x86_64 0.4.0 83.70 69.23 152.93 OK
r-patched-solaris-x86 0.4.0 217.70 OK
r-release-linux-x86_64 0.4.0 78.88 68.76 147.64 OK
r-release-macos-x86_64 0.4.0 NOTE
r-release-windows-ix86+x86_64 0.4.0 224.00 150.00 374.00 OK
r-oldrel-macos-x86_64 0.4.0 NOTE
r-oldrel-windows-ix86+x86_64 0.4.0 152.00 119.00 271.00 OK

Check Details

Version: 0.4.0
Check: installed package size
Result: NOTE
     installed size is 16.8Mb
     sub-directories of 1Mb or more:
     libs 16.3Mb
Flavors: r-devel-linux-x86_64-fedora-clang, r-release-macos-x86_64, r-oldrel-macos-x86_64

Version: 0.4.0
Check: Rd cross-references
Result: NOTE
    Undeclared package ‘coda’ in Rd xrefs
Flavor: r-devel-linux-x86_64-fedora-clang