CRAN Package Check Results for Package MCMCglmm

Last updated on 2020-05-27 03:48:36 CEST.

Flavor Version Tinstall Tcheck Ttotal Status Flags
r-devel-linux-x86_64-debian-clang 2.29 45.90 122.76 168.66 OK
r-devel-linux-x86_64-debian-gcc 2.29 36.24 92.81 129.05 OK
r-devel-linux-x86_64-fedora-clang 2.29 224.13 OK
r-devel-linux-x86_64-fedora-gcc 2.29 202.77 OK
r-devel-windows-ix86+x86_64 2.29 162.00 225.00 387.00 NOTE
r-patched-linux-x86_64 2.29 38.55 122.35 160.90 OK
r-patched-solaris-x86 2.29 268.50 OK
r-release-linux-x86_64 2.29 40.29 121.84 162.13 OK
r-release-osx-x86_64 2.29 OK
r-release-windows-ix86+x86_64 2.29 128.00 225.00 353.00 NOTE
r-oldrel-osx-x86_64 2.29 OK
r-oldrel-windows-ix86+x86_64 2.29 132.00 171.00 303.00 NOTE

Check Details

Version: 2.29
Check: installed package size
Result: NOTE
     installed size is 5.8Mb
     sub-directories of 1Mb or more:
     doc 3.2Mb
     libs 2.1Mb
Flavors: r-devel-windows-ix86+x86_64, r-release-windows-ix86+x86_64, r-oldrel-windows-ix86+x86_64