CRAN Package Check Results for Package MCDA

Last updated on 2020-08-11 03:47:55 CEST.

Flavor Version Tinstall Tcheck Ttotal Status Flags
r-devel-linux-x86_64-debian-clang 0.0.20 13.55 128.02 141.57 OK
r-devel-linux-x86_64-debian-gcc 0.0.20 12.83 98.67 111.50 OK
r-devel-linux-x86_64-fedora-clang 0.0.20 176.32 NOTE
r-devel-linux-x86_64-fedora-gcc 0.0.20 169.89 NOTE
r-devel-windows-ix86+x86_64 0.0.20 29.00 239.00 268.00 NOTE
r-patched-linux-x86_64 0.0.20 14.19 129.40 143.59 OK
r-patched-solaris-x86 0.0.20 224.10 NOTE
r-release-linux-x86_64 0.0.20 15.99 128.92 144.91 OK
r-release-macos-x86_64 0.0.20 NOTE
r-release-windows-ix86+x86_64 0.0.20 19.00 185.00 204.00 NOTE
r-oldrel-macos-x86_64 0.0.20 NOTE
r-oldrel-windows-ix86+x86_64 0.0.20 17.00 185.00 202.00 NOTE

Check Details

Version: 0.0.20
Check: package dependencies
Result: NOTE
    Package suggested but not available for checking: ‘cplexAPI’
Flavors: r-devel-linux-x86_64-fedora-clang, r-devel-linux-x86_64-fedora-gcc, r-devel-windows-ix86+x86_64, r-patched-solaris-x86, r-release-macos-x86_64, r-release-windows-ix86+x86_64, r-oldrel-macos-x86_64, r-oldrel-windows-ix86+x86_64