Last updated on 2023-11-28 04:57:24 CET.
Flavor | Version | Tinstall | Tcheck | Ttotal | Status | Flags |
---|---|---|---|---|---|---|
r-devel-linux-x86_64-debian-clang | 0.1.4.2 | 29.79 | 192.05 | 221.84 | OK | |
r-devel-linux-x86_64-debian-gcc | 0.1.4.2 | 26.60 | 169.10 | 195.70 | OK | |
r-devel-linux-x86_64-fedora-clang | 0.1.4.2 | 265.45 | OK | |||
r-devel-linux-x86_64-fedora-gcc | 0.1.4.2 | 403.48 | OK | |||
r-devel-windows-x86_64 | 0.1.4.2 | 29.00 | 158.00 | 187.00 | OK | |
r-patched-linux-x86_64 | 0.1.4.2 | 28.69 | 189.07 | 217.76 | OK | |
r-release-linux-x86_64 | 0.1.4.2 | 20.45 | 193.96 | 214.41 | OK | |
r-release-macos-arm64 | 0.1.4.2 | 132.00 | NOTE | |||
r-release-macos-x86_64 | 0.1.4.2 | 299.00 | NOTE | |||
r-release-windows-x86_64 | 0.1.4.2 | 38.00 | 185.00 | 223.00 | OK | |
r-oldrel-macos-arm64 | 0.1.4.2 | 134.00 | NOTE | |||
r-oldrel-macos-x86_64 | 0.1.4.2 | 158.00 | OK | |||
r-oldrel-windows-x86_64 | 0.1.4.2 | 40.00 | 191.00 | 231.00 | OK |
Version: 0.1.4.2
Check: installed package size
Result: NOTE
installed size is 5.1Mb
sub-directories of 1Mb or more:
R 1.1Mb
data 3.9Mb
Flavors: r-release-macos-arm64, r-release-macos-x86_64, r-oldrel-macos-arm64