CRAN Package Check Results for Package MAnorm2

Last updated on 2024-03-03 04:48:40 CET.

Flavor Version Tinstall Tcheck Ttotal Status Flags
r-devel-linux-x86_64-debian-clang 1.2.2 9.52 348.97 358.49 OK
r-devel-linux-x86_64-debian-gcc 1.2.2 6.40 240.37 246.77 OK
r-devel-linux-x86_64-fedora-clang 1.2.2 427.52 NOTE
r-devel-linux-x86_64-fedora-gcc 1.2.2 435.24 OK
r-devel-windows-x86_64 1.2.2 9.00 348.00 357.00 NOTE
r-patched-linux-x86_64 1.2.2 10.68 337.51 348.19 OK
r-release-linux-x86_64 1.2.2 9.16 337.44 346.60 OK
r-release-macos-arm64 1.2.2 123.00 NOTE
r-release-macos-x86_64 1.2.2 167.00 NOTE
r-release-windows-x86_64 1.2.2 11.00 443.00 454.00 NOTE
r-oldrel-macos-arm64 1.2.2 120.00 NOTE
r-oldrel-windows-x86_64 1.2.2 11.00 415.00 426.00 NOTE

Check Details

Version: 1.2.2
Check: installed package size
Result: NOTE installed size is 5.2Mb sub-directories of 1Mb or more: data 1.2Mb doc 3.5Mb Flavors: r-devel-linux-x86_64-fedora-clang, r-devel-windows-x86_64, r-release-macos-arm64, r-release-macos-x86_64, r-release-windows-x86_64, r-oldrel-macos-arm64, r-oldrel-windows-x86_64

Version: 1.2.2
Check: package dependencies
Result: NOTE Package suggested but not available for checking: ‘DescTools’ Flavor: r-release-macos-x86_64