CRAN Package Check Results for Package MAPITR

Last updated on 2024-04-15 04:54:36 CEST.

Flavor Version Tinstall Tcheck Ttotal Status Flags
r-devel-linux-x86_64-debian-clang 1.1.2 42.80 48.60 91.40 NOTE
r-devel-linux-x86_64-debian-gcc 1.1.2 32.89 42.08 74.97 NOTE
r-devel-linux-x86_64-fedora-clang 1.1.2 131.32 NOTE
r-devel-linux-x86_64-fedora-gcc 1.1.2 144.71 NOTE
r-devel-windows-x86_64 1.1.2 33.00 80.00 113.00 NOTE
r-patched-linux-x86_64 1.1.2 43.38 55.14 98.52 NOTE
r-release-linux-x86_64 1.1.2 41.65 53.47 95.12 NOTE
r-release-macos-arm64 1.1.2 50.00 NOTE
r-release-macos-x86_64 1.1.2 76.00 NOTE
r-release-windows-x86_64 1.1.2 42.00 92.00 134.00 NOTE
r-oldrel-macos-arm64 1.1.2 43.00 OK
r-oldrel-windows-x86_64 1.1.2 40.00 92.00 132.00 OK

Check Details

Version: 1.1.2
Check: C++ specification
Result: NOTE Specified C++11: please drop specification unless essential Flavors: r-devel-linux-x86_64-debian-clang, r-devel-linux-x86_64-debian-gcc, r-devel-linux-x86_64-fedora-clang, r-devel-linux-x86_64-fedora-gcc, r-devel-windows-x86_64, r-patched-linux-x86_64, r-release-linux-x86_64, r-release-macos-arm64, r-release-macos-x86_64, r-release-windows-x86_64