Last updated on 2023-11-28 16:48:23 CET.
Flavor | Version | Tinstall | Tcheck | Ttotal | Status | Flags |
---|---|---|---|---|---|---|
r-devel-linux-x86_64-debian-clang | 2.7.1 | 251.94 | 177.59 | 429.53 | NOTE | |
r-devel-linux-x86_64-debian-gcc | 2.7.1 | 170.87 | 128.85 | 299.72 | NOTE | |
r-devel-linux-x86_64-fedora-clang | 2.7.1 | 605.18 | OK | |||
r-devel-linux-x86_64-fedora-gcc | 2.7.1 | 593.48 | OK | |||
r-devel-windows-x86_64 | 2.7.1 | 185.00 | 163.00 | 348.00 | NOTE | |
r-patched-linux-x86_64 | 2.7.1 | 193.75 | 165.71 | 359.46 | OK | |
r-release-linux-x86_64 | 2.7.1 | 173.48 | 169.54 | 343.02 | OK | |
r-release-macos-arm64 | 2.7.1 | 126.00 | NOTE | |||
r-release-macos-x86_64 | 2.7.1 | 217.00 | NOTE | |||
r-release-windows-x86_64 | 2.7.1 | 251.00 | 200.00 | 451.00 | NOTE | |
r-oldrel-macos-arm64 | 2.7.1 | 120.00 | NOTE | |||
r-oldrel-macos-x86_64 | 2.7.1 | 152.00 | NOTE | |||
r-oldrel-windows-x86_64 | 2.7.1 | 246.00 | 206.00 | 452.00 | NOTE |
Version: 2.7.1
Check: Rd files
Result: NOTE
checkRd: (-1) RepLOptim.Rd:21: Lost braces; missing escapes or markup?
21 | \item{gr}{A function to return the gradient for the \dQuote{nlminb}, \dQuote{BFGS}, \dQuote{CG} and {L-BFGS-B} methods. If it is \sQuote{NULL}, a finite-difference approximation will be used. For the \dQuote{SANN} method it specifies a function to generate a new candidate point. If it is \sQuote{NULL} a default Gaussian Markov kernel is used.}
| ^
checkRd: (-1) Robda-methods.Rd:69: Lost braces
69 | \seealso{\code{\link{lda}}, \code{\link{qda}}, \code{\link{snda}}, \code{\linkS4class{IData}}, \code{\linkS4class{RobEstControl}},code{\link{ConfMat}} }
| ^
Flavors: r-devel-linux-x86_64-debian-clang, r-devel-linux-x86_64-debian-gcc
Version: 2.7.1
Check: installed package size
Result: NOTE
installed size is 5.5Mb
sub-directories of 1Mb or more:
R 1.5Mb
data 2.3Mb
libs 1.3Mb
Flavors: r-devel-windows-x86_64, r-release-macos-arm64, r-release-macos-x86_64, r-release-windows-x86_64, r-oldrel-macos-arm64, r-oldrel-macos-x86_64, r-oldrel-windows-x86_64