CRAN Package Check Results for Package LoopAnalyst

Last updated on 2020-06-01 15:47:47 CEST.

Flavor Version Tinstall Tcheck Ttotal Status Flags
r-devel-linux-x86_64-debian-clang 1.2-6 5.94 37.92 43.86 NOTE
r-devel-linux-x86_64-debian-gcc 1.2-6 5.12 29.39 34.51 NOTE
r-devel-linux-x86_64-fedora-clang 1.2-6 60.82 NOTE
r-devel-linux-x86_64-fedora-gcc 1.2-6 52.92 NOTE
r-devel-windows-ix86+x86_64 1.2-6 13.00 104.00 117.00 OK
r-patched-linux-x86_64 1.2-6 5.41 37.65 43.06 NOTE
r-patched-solaris-x86 1.2-6 72.30 NOTE
r-release-linux-x86_64 1.2-6 6.42 38.09 44.51 NOTE
r-release-osx-x86_64 1.2-6 OK
r-release-windows-ix86+x86_64 1.2-6 13.00 79.00 92.00 OK
r-oldrel-osx-x86_64 1.2-6 OK
r-oldrel-windows-ix86+x86_64 1.2-6 14.00 49.00 63.00 OK

Check Details

Version: 1.2-6
Check: for non-standard things in the check directory
Result: NOTE
    Found the following files/directories:
     'Model_1.cm' 'dambacher.dot' 'levins.dot'
Flavors: r-devel-linux-x86_64-debian-clang, r-devel-linux-x86_64-debian-gcc, r-devel-linux-x86_64-fedora-clang, r-devel-linux-x86_64-fedora-gcc, r-patched-linux-x86_64, r-patched-solaris-x86, r-release-linux-x86_64