CRAN Package Check Results for Package LinkageMapView

Last updated on 2020-08-11 03:47:54 CEST.

Flavor Version Tinstall Tcheck Ttotal Status Flags
r-devel-linux-x86_64-debian-clang 2.1.2 4.65 75.28 79.93 OK
r-devel-linux-x86_64-debian-gcc 2.1.2 3.47 53.34 56.81 OK
r-devel-linux-x86_64-fedora-clang 2.1.2 101.19 NOTE
r-devel-linux-x86_64-fedora-gcc 2.1.2 91.91 NOTE
r-devel-windows-ix86+x86_64 2.1.2 12.00 89.00 101.00 OK
r-patched-linux-x86_64 2.1.2 4.33 72.74 77.07 OK
r-patched-solaris-x86 2.1.2 144.80 NOTE
r-release-linux-x86_64 2.1.2 4.02 72.38 76.40 OK
r-release-macos-x86_64 2.1.2 NOTE
r-release-windows-ix86+x86_64 2.1.2 11.00 115.00 126.00 OK
r-oldrel-macos-x86_64 2.1.2 NOTE
r-oldrel-windows-ix86+x86_64 2.1.2 8.00 92.00 100.00 OK

Check Details

Version: 2.1.2
Check: dependencies in R code
Result: NOTE
    Namespace in Imports field not imported from: ‘RColorBrewer’
     All declared Imports should be used.
Flavors: r-devel-linux-x86_64-fedora-clang, r-devel-linux-x86_64-fedora-gcc, r-patched-solaris-x86, r-release-macos-x86_64, r-oldrel-macos-x86_64