CRAN Package Check Results for Package LexisPlotR

Last updated on 2020-08-11 15:48:41 CEST.

Flavor Version Tinstall Tcheck Ttotal Status Flags
r-devel-linux-x86_64-debian-clang 0.4.0 5.82 41.98 47.80 OK
r-devel-linux-x86_64-debian-gcc 0.4.0 0.38 1.82 2.20 ERROR
r-devel-linux-x86_64-fedora-clang 0.4.0 65.09 OK
r-devel-linux-x86_64-fedora-gcc 0.4.0 53.90 OK
r-devel-windows-ix86+x86_64 0.4.0 12.00 56.00 68.00 OK
r-patched-linux-x86_64 0.4.0 5.12 41.00 46.12 OK
r-patched-solaris-x86 0.4.0 84.20 OK
r-release-linux-x86_64 0.4.0 0.44 2.27 2.71 ERROR
r-release-macos-x86_64 0.4.0 OK
r-release-windows-ix86+x86_64 0.4.0 16.00 81.00 97.00 OK
r-oldrel-macos-x86_64 0.4.0 OK
r-oldrel-windows-ix86+x86_64 0.4.0 10.00 56.00 66.00 OK

Check Details

Version: 0.4.0
Check: package dependencies
Result: ERROR
    Package required but not available: ‘tidyr’
    
    See section ‘The DESCRIPTION file’ in the ‘Writing R Extensions’
    manual.
Flavors: r-devel-linux-x86_64-debian-gcc, r-release-linux-x86_64