Last updated on 2023-11-29 16:51:51 CET.
Flavor | Version | Tinstall | Tcheck | Ttotal | Status | Flags |
---|---|---|---|---|---|---|
r-devel-linux-x86_64-debian-clang | 11.0-0 | 43.79 | 103.02 | 146.81 | OK | |
r-devel-linux-x86_64-debian-gcc | 11.0-0 | 40.92 | 77.99 | 118.91 | OK | |
r-devel-linux-x86_64-fedora-clang | 11.0-0 | 193.97 | NOTE | |||
r-devel-linux-x86_64-fedora-gcc | 11.0-0 | 202.46 | OK | |||
r-devel-windows-x86_64 | 11.0-0 | 40.00 | 119.00 | 159.00 | NOTE | |
r-patched-linux-x86_64 | 11.0-0 | 44.09 | 100.30 | 144.39 | OK | |
r-release-linux-x86_64 | 11.0-0 | 43.61 | 99.32 | 142.93 | OK | |
r-release-macos-arm64 | 11.0-0 | 86.00 | NOTE | |||
r-release-macos-x86_64 | 11.0-0 | 191.00 | NOTE | |||
r-release-windows-x86_64 | 11.0-0 | 51.00 | 136.00 | 187.00 | NOTE | |
r-oldrel-macos-arm64 | 11.0-0 | 78.00 | NOTE | |||
r-oldrel-macos-x86_64 | 11.0-0 | 93.00 | NOTE | |||
r-oldrel-windows-x86_64 | 11.0-0 | 53.00 | 140.00 | 193.00 | NOTE |
Version: 11.0-0
Check: installed package size
Result: NOTE
installed size is 6.4Mb
sub-directories of 1Mb or more:
data 5.6Mb
Flavors: r-devel-linux-x86_64-fedora-clang, r-devel-windows-x86_64, r-release-macos-arm64, r-release-macos-x86_64, r-release-windows-x86_64, r-oldrel-macos-arm64, r-oldrel-macos-x86_64, r-oldrel-windows-x86_64
Version: 11.0-0
Check: Rd cross-references
Result: NOTE
Undeclared package ‘plyr’ in Rd xrefs
Flavor: r-devel-linux-x86_64-fedora-clang