Last updated on 2023-11-28 16:48:22 CET.
Flavor | Version | Tinstall | Tcheck | Ttotal | Status | Flags |
---|---|---|---|---|---|---|
r-devel-linux-x86_64-debian-clang | 0.8.4 | 124.38 | 47.49 | 171.87 | NOTE | |
r-devel-linux-x86_64-debian-gcc | 0.8.4 | 75.32 | 37.08 | 112.40 | NOTE | |
r-devel-linux-x86_64-fedora-clang | 0.8.4 | 261.72 | OK | |||
r-devel-linux-x86_64-fedora-gcc | 0.8.4 | 241.78 | OK | |||
r-devel-windows-x86_64 | 0.8.4 | 81.00 | 94.00 | 175.00 | OK | |
r-patched-linux-x86_64 | 0.8.4 | 93.84 | 46.86 | 140.70 | OK | |
r-release-linux-x86_64 | 0.8.4 | 95.52 | 46.94 | 142.46 | OK | |
r-release-macos-arm64 | 0.8.4 | 57.00 | OK | |||
r-release-macos-x86_64 | 0.8.4 | 109.00 | OK | |||
r-release-windows-x86_64 | 0.8.4 | 102.00 | 98.00 | 200.00 | OK | |
r-oldrel-macos-arm64 | 0.8.4 | 49.00 | OK | |||
r-oldrel-macos-x86_64 | 0.8.4 | 76.00 | OK | |||
r-oldrel-windows-x86_64 | 0.8.4 | 99.00 | 97.00 | 196.00 | OK |
Version: 0.8.4
Check: Rd files
Result: NOTE
checkRd: (-1) laf_open.Rd:10: Lost braces; missing escapes or markup?
10 | \item{model}{a {data model}, such as one returned by \link{read_dm} or
| ^
Flavors: r-devel-linux-x86_64-debian-clang, r-devel-linux-x86_64-debian-gcc