Last updated on 2023-12-04 05:09:11 CET.
Flavor | Version | Tinstall | Tcheck | Ttotal | Status | Flags |
---|---|---|---|---|---|---|
r-devel-linux-x86_64-debian-clang | 2.1.5 | 3.13 | 37.34 | 40.47 | NOTE | |
r-devel-linux-x86_64-debian-gcc | 2.1.5 | 2.76 | 28.32 | 31.08 | NOTE | |
r-devel-linux-x86_64-fedora-clang | 2.1.5 | 50.63 | OK | |||
r-devel-linux-x86_64-fedora-gcc | 2.1.5 | 48.54 | OK | |||
r-devel-windows-x86_64 | 2.1.5 | 4.00 | 50.00 | 54.00 | OK | |
r-patched-linux-x86_64 | 2.1.5 | 3.64 | 36.54 | 40.18 | OK | |
r-release-linux-x86_64 | 2.1.5 | 2.95 | 36.18 | 39.13 | OK | |
r-release-macos-arm64 | 2.1.5 | 21.00 | OK | |||
r-release-macos-x86_64 | 2.1.5 | 28.00 | OK | |||
r-release-windows-x86_64 | 2.1.5 | 5.00 | 52.00 | 57.00 | OK | |
r-oldrel-macos-arm64 | 2.1.5 | 21.00 | OK | |||
r-oldrel-macos-x86_64 | 2.1.5 | 28.00 | OK | |||
r-oldrel-windows-x86_64 | 2.1.5 | 5.00 | 56.00 | 61.00 | OK |
Version: 2.1.5
Check: Rd files
Result: NOTE
checkRd: (-1) LVGP_fit.Rd:47: Lost braces in \itemize; \value handles \item{}{} directly
checkRd: (-1) LVGP_fit.Rd:48: Lost braces in \itemize; \value handles \item{}{} directly
checkRd: (-1) LVGP_fit.Rd:49: Lost braces in \itemize; \value handles \item{}{} directly
checkRd: (-1) LVGP_fit.Rd:50: Lost braces in \itemize; \value handles \item{}{} directly
checkRd: (-1) LVGP_fit.Rd:51: Lost braces in \itemize; \value handles \item{}{} directly
checkRd: (-1) LVGP_fit.Rd:52: Lost braces in \itemize; \value handles \item{}{} directly
checkRd: (-1) LVGP_predict.Rd:20: Lost braces in \itemize; \value handles \item{}{} directly
checkRd: (-1) LVGP_predict.Rd:21: Lost braces in \itemize; \value handles \item{}{} directly
checkRd: (-1) math_example.Rd:21: Lost braces
21 | Data are sampled from the modified math function based on the first example in the paper listed in code{references}.
| ^
Flavors: r-devel-linux-x86_64-debian-clang, r-devel-linux-x86_64-debian-gcc