CRAN Package Check Results for Package LTRCtrees

Last updated on 2020-09-20 16:14:21 CEST.

Flavor Version Tinstall Tcheck Ttotal Status Flags
r-devel-linux-x86_64-debian-clang 1.1.0 2.76 45.72 48.48 WARN
r-devel-linux-x86_64-debian-gcc 1.1.0 1.97 33.11 35.08 WARN
r-devel-linux-x86_64-fedora-clang 1.1.0 66.11 WARN
r-devel-linux-x86_64-fedora-gcc 1.1.0 56.49 WARN
r-devel-windows-ix86+x86_64 1.1.0 6.00 64.00 70.00 WARN
r-patched-linux-x86_64 1.1.0 2.79 44.98 47.77 WARN
r-patched-solaris-x86 1.1.0 80.10 WARN
r-release-linux-x86_64 1.1.0 2.63 44.66 47.29 WARN
r-release-macos-x86_64 1.1.0 OK
r-release-windows-ix86+x86_64 1.1.0 7.00 84.00 91.00 OK
r-oldrel-macos-x86_64 1.1.0 ERROR
r-oldrel-windows-ix86+x86_64 1.1.0 4.00 45.00 49.00 WARN

Check Details

Version: 1.1.0
Check: re-building of vignette outputs
Result: WARN
    Error(s) in re-building vignettes:
     ...
    --- re-building 'LTRCtrees.Rmd' using rmarkdown
    Quitting from lines 48-62 (LTRCtrees.Rmd)
    Error: processing vignette 'LTRCtrees.Rmd' failed with diagnostics:
    could not find function "rpart.plot.version1"
    --- failed re-building 'LTRCtrees.Rmd'
    
    SUMMARY: processing the following file failed:
     'LTRCtrees.Rmd'
    
    Error: Vignette re-building failed.
    Execution halted
Flavors: r-devel-linux-x86_64-debian-clang, r-devel-linux-x86_64-debian-gcc, r-patched-linux-x86_64, r-release-linux-x86_64

Version: 1.1.0
Check: re-building of vignette outputs
Result: WARN
    Error(s) in re-building vignettes:
    --- re-building ‘LTRCtrees.Rmd’ using rmarkdown
    Quitting from lines 48-62 (LTRCtrees.Rmd)
    Error: processing vignette 'LTRCtrees.Rmd' failed with diagnostics:
    could not find function "rpart.plot.version1"
    --- failed re-building ‘LTRCtrees.Rmd’
    
    SUMMARY: processing the following file failed:
     ‘LTRCtrees.Rmd’
    
    Error: Vignette re-building failed.
    Execution halted
Flavors: r-devel-linux-x86_64-fedora-clang, r-devel-linux-x86_64-fedora-gcc, r-devel-windows-ix86+x86_64, r-oldrel-windows-ix86+x86_64

Version: 1.1.0
Check: re-building of vignette outputs
Result: WARN
    Error(s) in re-building vignettes:
     ...
    --- re-building ‘LTRCtrees.Rmd’ using rmarkdown
    Warning in engine$weave(file, quiet = quiet, encoding = enc) :
     Pandoc (>= 1.12.3) and/or pandoc-citeproc not available. Falling back to R Markdown v1.
    Quitting from lines 48-62 (LTRCtrees.Rmd)
    Error: processing vignette 'LTRCtrees.Rmd' failed with diagnostics:
    could not find function "rpart.plot.version1"
    --- failed re-building ‘LTRCtrees.Rmd’
    
    SUMMARY: processing the following file failed:
     ‘LTRCtrees.Rmd’
    
    Error: Vignette re-building failed.
    Execution halted
Flavor: r-patched-solaris-x86

Version: 1.1.0
Check: package dependencies
Result: NOTE
    Package suggested but not available for checking: ‘interval’
Flavor: r-oldrel-macos-x86_64

Version: 1.1.0
Check: examples
Result: ERROR
    Running examples in ‘LTRCtrees-Ex.R’ failed
    The error most likely occurred in:
    
    > ### Name: ICtree
    > ### Title: Fit a survival tree for interval-censored survival data
    > ### Aliases: ICtree
    >
    > ### ** Examples
    >
    > library(interval)
    Error in library(interval) : there is no package called ‘interval’
    Execution halted
Flavor: r-oldrel-macos-x86_64

Version: 1.1.0
Check: re-building of vignette outputs
Result: WARN
    Error(s) in re-building vignettes:
     ...
    --- re-building ‘LTRCtrees.Rmd’ using rmarkdown
    Warning in engine$weave(file, quiet = quiet, encoding = enc) :
     Pandoc (>= 1.12.3) and/or pandoc-citeproc not available. Falling back to R Markdown v1.
    Warning in min(diff(sort(ux))) :
     no non-missing arguments to min; returning Inf
    Quitting from lines 199-207 (LTRCtrees.Rmd)
    Error: processing vignette 'LTRCtrees.Rmd' failed with diagnostics:
    there is no package called 'interval'
    --- failed re-building ‘LTRCtrees.Rmd’
    
    SUMMARY: processing the following file failed:
     ‘LTRCtrees.Rmd’
    
    Error: Vignette re-building failed.
    Execution halted
Flavor: r-oldrel-macos-x86_64