CRAN Package Check Results for Package LSDsensitivity

Last updated on 2024-07-21 16:52:15 CEST.

Flavor Version Tinstall Tcheck Ttotal Status Flags
r-devel-linux-x86_64-debian-clang 1.2.3 4.81 63.27 68.08 OK
r-devel-linux-x86_64-debian-gcc 1.2.3 5.19 46.85 52.04 NOTE
r-devel-linux-x86_64-fedora-clang 1.2.3 86.48 OK
r-devel-linux-x86_64-fedora-gcc 1.2.3 79.83 OK
r-devel-windows-x86_64 1.2.3 8.00 74.00 82.00 NOTE
r-patched-linux-x86_64 1.2.3 13.79 62.07 75.86 OK
r-release-linux-x86_64 1.2.3 5.82 61.32 67.14 OK
r-release-macos-arm64 1.2.3 28.00 OK
r-release-macos-x86_64 1.2.3 40.00 OK
r-release-windows-x86_64 1.2.3 8.00 77.00 85.00 OK
r-oldrel-macos-arm64 1.2.3 30.00 OK
r-oldrel-macos-x86_64 1.2.3 46.00 OK
r-oldrel-windows-x86_64 1.2.3 10.00 84.00 94.00 OK

Check Details

Version: 1.2.3
Check: Rd cross-references
Result: NOTE Found the following Rd file(s) with Rd \link{} targets missing package anchors: read.doe.lsd.Rd: select.colnames.lsd, select.colattrs.lsd Please provide package anchors for all Rd \link{} targets not in the package itself and the base packages. Flavors: r-devel-linux-x86_64-debian-gcc, r-devel-windows-x86_64