CRAN Package Check Results for Package LSAmitR

Last updated on 2020-08-10 06:47:32 CEST.

Flavor Version Tinstall Tcheck Ttotal Status Flags
r-devel-linux-x86_64-debian-clang 1.0-2 13.22 108.34 121.56 OK
r-devel-linux-x86_64-debian-gcc 1.0-2 10.63 81.65 92.28 OK
r-devel-linux-x86_64-fedora-clang 1.0-2 151.64 NOTE
r-devel-linux-x86_64-fedora-gcc 1.0-2 137.99 NOTE
r-devel-windows-ix86+x86_64 1.0-2 33.00 164.00 197.00 OK
r-patched-linux-x86_64 1.0-2 8.74 105.52 114.26 OK
r-patched-solaris-x86 1.0-2 214.40 NOTE
r-release-linux-x86_64 1.0-2 9.92 104.31 114.23 OK
r-release-macos-x86_64 1.0-2 NOTE
r-release-windows-ix86+x86_64 1.0-2 39.00 169.00 208.00 OK
r-oldrel-macos-x86_64 1.0-2 NOTE
r-oldrel-windows-ix86+x86_64 1.0-2 18.00 107.00 125.00 OK

Check Details

Version: 1.0-2
Check: data for non-ASCII characters
Result: NOTE
     Note: found 55 marked UTF-8 strings
Flavors: r-devel-linux-x86_64-fedora-clang, r-devel-linux-x86_64-fedora-gcc, r-patched-solaris-x86, r-release-macos-x86_64, r-oldrel-macos-x86_64