CRAN Package Check Results for Package LRcontrast

Last updated on 2020-06-02 03:47:53 CEST.

Flavor Version Tinstall Tcheck Ttotal Status Flags
r-devel-linux-x86_64-debian-clang 1.0 2.89 25.29 28.18 OK
r-devel-linux-x86_64-debian-gcc 1.0 2.30 19.78 22.08 OK
r-devel-linux-x86_64-fedora-clang 1.0 43.43 NOTE
r-devel-linux-x86_64-fedora-gcc 1.0 34.37 NOTE
r-devel-windows-ix86+x86_64 1.0 12.00 64.00 76.00 OK
r-patched-linux-x86_64 1.0 2.98 25.06 28.04 OK
r-patched-solaris-x86 1.0 50.10 OK
r-release-linux-x86_64 1.0 2.86 25.18 28.04 OK
r-release-osx-x86_64 1.0 OK
r-release-windows-ix86+x86_64 1.0 12.00 61.00 73.00 OK
r-oldrel-osx-x86_64 1.0 OK
r-oldrel-windows-ix86+x86_64 1.0 8.00 47.00 55.00 OK

Check Details

Version: 1.0
Check: compiled code
Result: NOTE
    File ‘LRcontrast/libs/LRcontrast.so’:
     Found no calls to: ‘R_registerRoutines’, ‘R_useDynamicSymbols’
    
    It is good practice to register native routines and to disable symbol
    search.
    
    See ‘Writing portable packages’ in the ‘Writing R Extensions’ manual.
Flavors: r-devel-linux-x86_64-fedora-clang, r-devel-linux-x86_64-fedora-gcc