CRAN Package Check Results for Package LPTime

Last updated on 2020-08-08 15:46:54 CEST.

Flavor Version Tinstall Tcheck Ttotal Status Flags
r-devel-linux-x86_64-debian-clang 1.0-2 2.07 22.84 24.91 NOTE
r-devel-linux-x86_64-debian-gcc 1.0-2 1.49 17.86 19.35 NOTE
r-devel-linux-x86_64-fedora-clang 1.0-2 38.63 NOTE
r-devel-linux-x86_64-fedora-gcc 1.0-2 29.03 NOTE
r-devel-windows-ix86+x86_64 1.0-2 6.00 47.00 53.00 NOTE
r-patched-linux-x86_64 1.0-2 1.82 22.47 24.29 NOTE
r-patched-solaris-x86 1.0-2 47.00 NOTE
r-release-linux-x86_64 1.0-2 1.86 22.12 23.98 NOTE
r-release-macos-x86_64 1.0-2 NOTE
r-release-windows-ix86+x86_64 1.0-2 7.00 33.00 40.00 NOTE
r-oldrel-macos-x86_64 1.0-2 NOTE
r-oldrel-windows-ix86+x86_64 1.0-2 4.00 45.00 49.00 NOTE

Check Details

Version: 1.0-2
Check: R code for possible problems
Result: NOTE
    LP.comoment: no visible global function definition for 'cor'
    LP.comoment: no visible global function definition for 'cov'
    LP.moment: no visible global function definition for 'cor'
    LPTrans: no visible global function definition for 'ecdf'
    VAR: no visible global function definition for 'embed'
    VAR: no visible global function definition for 'lm'
    Undefined global functions or variables:
     cor cov ecdf embed lm
    Consider adding
     importFrom("stats", "cor", "cov", "ecdf", "embed", "lm")
    to your NAMESPACE file.
Flavors: r-devel-linux-x86_64-debian-clang, r-devel-linux-x86_64-debian-gcc, r-devel-linux-x86_64-fedora-clang, r-devel-linux-x86_64-fedora-gcc, r-devel-windows-ix86+x86_64, r-patched-linux-x86_64, r-patched-solaris-x86, r-release-linux-x86_64, r-release-macos-x86_64, r-release-windows-ix86+x86_64, r-oldrel-macos-x86_64, r-oldrel-windows-ix86+x86_64