CRAN Package Check Results for Package LMMsolver

Last updated on 2024-02-29 04:54:18 CET.

Flavor Version Tinstall Tcheck Ttotal Status Flags
r-devel-linux-x86_64-debian-clang 1.0.6 52.52 77.95 130.47 OK
r-devel-linux-x86_64-debian-gcc 1.0.6 37.57 58.81 96.38 OK
r-devel-linux-x86_64-fedora-clang 1.0.6 183.72 NOTE
r-devel-linux-x86_64-fedora-gcc 1.0.6 190.56 NOTE
r-devel-windows-x86_64 1.0.6 40.00 101.00 141.00 OK
r-patched-linux-x86_64 1.0.6 56.21 76.61 132.82 OK
r-release-linux-x86_64 1.0.6 45.71 75.77 121.48 OK
r-release-macos-arm64 1.0.6 55.00 OK
r-release-macos-x86_64 1.0.6 127.00 OK
r-release-windows-x86_64 1.0.6 53.00 122.00 175.00 OK
r-oldrel-macos-arm64 1.0.6 55.00 OK
r-oldrel-windows-x86_64 1.0.6 47.00 112.00 159.00 OK

Check Details

Version: 1.0.6
Check: dependencies in R code
Result: NOTE Namespaces in Imports field not imported from: ‘agridat’ ‘ggplot2’ ‘maps’ ‘sf’ All declared Imports should be used. Flavors: r-devel-linux-x86_64-fedora-clang, r-devel-linux-x86_64-fedora-gcc