CRAN Package Check Results for Package LDtests

Last updated on 2020-06-02 03:47:52 CEST.

Flavor Version Tinstall Tcheck Ttotal Status Flags
r-devel-linux-x86_64-debian-clang 1.0 2.27 21.27 23.54 NOTE
r-devel-linux-x86_64-debian-gcc 1.0 2.05 16.92 18.97 NOTE
r-devel-linux-x86_64-fedora-clang 1.0 38.23 NOTE
r-devel-linux-x86_64-fedora-gcc 1.0 28.52 NOTE
r-devel-windows-ix86+x86_64 1.0 7.00 42.00 49.00 NOTE
r-patched-linux-x86_64 1.0 2.30 21.50 23.80 NOTE
r-patched-solaris-x86 1.0 45.10 NOTE
r-release-linux-x86_64 1.0 2.80 21.65 24.45 NOTE
r-release-osx-x86_64 1.0 NOTE
r-release-windows-ix86+x86_64 1.0 5.00 32.00 37.00 NOTE
r-oldrel-osx-x86_64 1.0 NOTE
r-oldrel-windows-ix86+x86_64 1.0 5.00 51.00 56.00 NOTE

Check Details

Version: 1.0
Check: DESCRIPTION meta-information
Result: NOTE
    Malformed Description field: should contain one or more complete sentences.
Flavors: r-devel-linux-x86_64-debian-clang, r-devel-linux-x86_64-debian-gcc, r-devel-linux-x86_64-fedora-clang, r-devel-linux-x86_64-fedora-gcc, r-devel-windows-ix86+x86_64, r-patched-linux-x86_64, r-patched-solaris-x86, r-release-linux-x86_64, r-release-osx-x86_64, r-release-windows-ix86+x86_64, r-oldrel-osx-x86_64, r-oldrel-windows-ix86+x86_64

Version: 1.0
Check: R code for possible problems
Result: NOTE
    Fisher1sided: warning in round(dp, d = 9): partial argument match of
     'd' to 'digits'
    HWE2sided.table: warning in round(xtable, d = 4): partial argument
     match of 'd' to 'digits'
    LD2sided.pvals: warning in round(dp, d = 9): partial argument match of
     'd' to 'digits'
    LD2sided.pvals: warning in round(LR, d = 9): partial argument match of
     'd' to 'digits'
    LD2sided.pvals: warning in round(rr, d = 9): partial argument match of
     'd' to 'digits'
    LD2sided.pvals: warning in round(dprime, d = 9): partial argument match
     of 'd' to 'digits'
    LD2sided.pvals: warning in round(delta2, d = 9): partial argument match
     of 'd' to 'digits'
    LD2sided.pvals: warning in round(yuleQ, d = 9): partial argument match
     of 'd' to 'digits'
    LD2sided.tables: warning in round(dp, d = 9): partial argument match of
     'd' to 'digits'
    LD2sided.tables: warning in round(LR, d = 9): partial argument match of
     'd' to 'digits'
    LD2sided.tables: warning in round(rr, d = 9): partial argument match of
     'd' to 'digits'
    LD2sided.tables: warning in round(dprime, d = 9): partial argument
     match of 'd' to 'digits'
    LD2sided.tables: warning in round(delta2, d = 9): partial argument
     match of 'd' to 'digits'
    LD2sided.tables: warning in round(yuleQ, d = 9): partial argument match
     of 'd' to 'digits'
    LD2sided.tables: warning in round(xtable, d = 3): partial argument
     match of 'd' to 'digits'
    LD2sided.tables: warning in round(ztable, d = 3): partial argument
     match of 'd' to 'digits'
    Fisher1sided: no visible global function definition for 'dhyper'
    HWE2sided: no visible global function definition for 'abline'
    HWE2sided.table: no visible global function definition for 'points'
    HWE2sided.table: no visible global function definition for 'title'
    LD2sided.pvals: no visible global function definition for 'dhyper'
    LD2sided.tables: no visible global function definition for 'dhyper'
    Undefined global functions or variables:
     abline dhyper points title
    Consider adding
     importFrom("graphics", "abline", "points", "title")
     importFrom("stats", "dhyper")
    to your NAMESPACE file.
Flavors: r-devel-linux-x86_64-debian-clang, r-devel-linux-x86_64-debian-gcc, r-devel-linux-x86_64-fedora-clang, r-devel-linux-x86_64-fedora-gcc, r-devel-windows-ix86+x86_64, r-patched-linux-x86_64, r-patched-solaris-x86, r-release-linux-x86_64, r-release-osx-x86_64, r-release-windows-ix86+x86_64

Version: 1.0
Check: Rd files
Result: NOTE
    prepare_Rd: HWE2sided.Rd:15-16: Dropping empty section \details
    prepare_Rd: HWE2sided.table.Rd:17-18: Dropping empty section \details
    prepare_Rd: LD2sided.pvals.Rd:13-14: Dropping empty section \details
Flavors: r-devel-linux-x86_64-debian-clang, r-devel-linux-x86_64-debian-gcc, r-devel-linux-x86_64-fedora-clang, r-devel-linux-x86_64-fedora-gcc, r-devel-windows-ix86+x86_64, r-patched-linux-x86_64, r-patched-solaris-x86, r-release-linux-x86_64, r-release-osx-x86_64, r-release-windows-ix86+x86_64, r-oldrel-osx-x86_64, r-oldrel-windows-ix86+x86_64

Version: 1.0
Check: R code for possible problems
Result: NOTE
    Fisher1sided: warning in round(dp, d = 9): partial argument match of
     'd' to 'digits'
    HWE2sided.table: warning in round(xtable, d = 4): partial argument
     match of 'd' to 'digits'
    LD2sided.pvals: warning in round(dp, d = 9): partial argument match of
     'd' to 'digits'
    LD2sided.pvals: warning in round(LR, d = 9): partial argument match of
     'd' to 'digits'
    LD2sided.pvals: warning in round(rr, d = 9): partial argument match of
     'd' to 'digits'
    LD2sided.pvals: warning in round(dprime, d = 9): partial argument match
     of 'd' to 'digits'
    LD2sided.pvals: warning in round(delta2, d = 9): partial argument match
     of 'd' to 'digits'
    LD2sided.pvals: warning in round(yuleQ, d = 9): partial argument match
     of 'd' to 'digits'
    LD2sided.tables: warning in round(dp, d = 9): partial argument match of
     'd' to 'digits'
    LD2sided.tables: warning in round(LR, d = 9): partial argument match of
     'd' to 'digits'
    LD2sided.tables: warning in round(rr, d = 9): partial argument match of
     'd' to 'digits'
    LD2sided.tables: warning in round(dprime, d = 9): partial argument
     match of 'd' to 'digits'
    LD2sided.tables: warning in round(delta2, d = 9): partial argument
     match of 'd' to 'digits'
    LD2sided.tables: warning in round(yuleQ, d = 9): partial argument match
     of 'd' to 'digits'
    LD2sided.tables: warning in round(xtable, d = 3): partial argument
     match of 'd' to 'digits'
    LD2sided.tables: warning in round(ztable, d = 3): partial argument
     match of 'd' to 'digits'
    Fisher1sided: no visible global function definition for ‘dhyper’
    HWE2sided: no visible global function definition for ‘plot’
    HWE2sided: no visible global function definition for ‘abline’
    HWE2sided.table: no visible global function definition for ‘plot’
    HWE2sided.table: no visible global function definition for ‘points’
    HWE2sided.table: no visible global function definition for ‘title’
    LD2sided.pvals: no visible global function definition for ‘dhyper’
    LD2sided.tables: no visible global function definition for ‘dhyper’
    Undefined global functions or variables:
     abline dhyper plot points title
    Consider adding
     importFrom("graphics", "abline", "plot", "points", "title")
     importFrom("stats", "dhyper")
    to your NAMESPACE file.
Flavors: r-oldrel-osx-x86_64, r-oldrel-windows-ix86+x86_64