CRAN Package Check Results for Package LDATS

Last updated on 2024-02-24 04:58:46 CET.

Flavor Version Tinstall Tcheck Ttotal Status Flags
r-devel-linux-x86_64-debian-clang 0.3.0 12.86 164.01 176.87 NOTE
r-devel-linux-x86_64-debian-gcc 0.3.0 9.03 120.79 129.82 NOTE
r-devel-linux-x86_64-fedora-clang 0.3.0 223.19 NOTE
r-devel-linux-x86_64-fedora-gcc 0.3.0 234.95 NOTE
r-devel-windows-x86_64 0.3.0 11.00 168.00 179.00 OK
r-patched-linux-x86_64 0.3.0 9.13 159.94 169.07 OK
r-release-linux-x86_64 0.3.0 7.18 160.28 167.46 OK
r-release-macos-arm64 0.3.0 65.00 OK
r-release-macos-x86_64 0.3.0 157.00 OK
r-release-windows-x86_64 0.3.0 14.00 192.00 206.00 OK
r-oldrel-macos-arm64 0.3.0 68.00 OK
r-oldrel-windows-x86_64 0.3.0 15.00 180.00 195.00 OK

Check Details

Version: 0.3.0
Check: Rd files
Result: NOTE checkRd: (-1) TS_diagnostics_plot.Rd:19: Lost braces 19 | \item{interactive}{\code{logical} input, should be code{TRUE} unless | ^ checkRd: (-1) plot.TS_fit.Rd:29: Lost braces 29 | \item{interactive}{\code{logical} input, should be code{TRUE} unless | ^ Flavors: r-devel-linux-x86_64-debian-clang, r-devel-linux-x86_64-debian-gcc, r-devel-linux-x86_64-fedora-clang, r-devel-linux-x86_64-fedora-gcc