Last updated on 2023-12-01 04:53:59 CET.
Flavor | Version | Tinstall | Tcheck | Ttotal | Status | Flags |
---|---|---|---|---|---|---|
r-devel-linux-x86_64-debian-clang | 2.23-22 | 5.17 | 28.40 | 33.57 | OK | |
r-devel-linux-x86_64-debian-gcc | 2.23-22 | 4.24 | 22.34 | 26.58 | OK | |
r-devel-linux-x86_64-fedora-clang | 2.23-22 | 43.50 | OK | |||
r-devel-linux-x86_64-fedora-gcc | 2.23-22 | 41.14 | OK | |||
r-devel-windows-x86_64 | 2.23-22 | 11.00 | 49.00 | 60.00 | OK | |
r-patched-linux-x86_64 | 2.23-22 | 5.86 | 28.83 | 34.69 | OK | |
r-release-linux-x86_64 | 2.23-22 | 6.24 | 28.51 | 34.75 | OK | |
r-release-macos-arm64 | 2.23-22 | 32.00 | WARN | |||
r-release-macos-x86_64 | 2.23-22 | 46.00 | WARN | |||
r-release-windows-x86_64 | 2.23-22 | 13.00 | 49.00 | 62.00 | OK | |
r-oldrel-macos-arm64 | 2.23-22 | 35.00 | WARN | |||
r-oldrel-macos-x86_64 | 2.23-22 | 53.00 | WARN | |||
r-oldrel-windows-x86_64 | 2.23-22 | 13.00 | 53.00 | 66.00 | WARN |
Version: 2.23-22
Check: for portable use of $(BLAS_LIBS) and $(LAPACK_LIBS)
Result: WARN
apparently using $(BLAS_LIBS) without following $(FLIBS) in ‘src/Makevars’
Flavors: r-release-macos-arm64, r-release-macos-x86_64, r-oldrel-macos-arm64, r-oldrel-macos-x86_64, r-oldrel-windows-x86_64