CRAN Package Check Results for Package KSEAapp

Last updated on 2020-06-02 03:47:52 CEST.

Flavor Version Tinstall Tcheck Ttotal Status Flags
r-devel-linux-x86_64-debian-clang 0.99.0 3.44 30.23 33.67 NOTE
r-devel-linux-x86_64-debian-gcc 0.99.0 2.57 24.38 26.95 NOTE
r-devel-linux-x86_64-fedora-clang 0.99.0 50.89 NOTE
r-devel-linux-x86_64-fedora-gcc 0.99.0 40.71 NOTE
r-devel-windows-ix86+x86_64 0.99.0 8.00 58.00 66.00 OK
r-patched-linux-x86_64 0.99.0 3.05 30.48 33.53 NOTE
r-patched-solaris-x86 0.99.0 66.10 NOTE
r-release-linux-x86_64 0.99.0 3.47 30.99 34.46 NOTE
r-release-osx-x86_64 0.99.0 OK
r-release-windows-ix86+x86_64 0.99.0 6.00 47.00 53.00 OK
r-oldrel-osx-x86_64 0.99.0 OK
r-oldrel-windows-ix86+x86_64 0.99.0 6.00 43.00 49.00 OK

Check Details

Version: 0.99.0
Check: for non-standard things in the check directory
Result: NOTE
    Found the following files/directories:
     'KSEA Bar Plot.tiff' 'KSEA Kinase Scores.csv'
     'KSEA.Merged.Heatmap.png' 'Kinase-Substrate Links.csv'
Flavors: r-devel-linux-x86_64-debian-clang, r-devel-linux-x86_64-debian-gcc, r-devel-linux-x86_64-fedora-clang, r-devel-linux-x86_64-fedora-gcc, r-patched-linux-x86_64, r-patched-solaris-x86, r-release-linux-x86_64