CRAN Package Check Results for Package KSD

Last updated on 2024-04-18 16:49:58 CEST.

Flavor Version Tinstall Tcheck Ttotal Status Flags
r-devel-linux-x86_64-debian-clang 1.0.1 2.90 29.31 32.21 NOTE
r-devel-linux-x86_64-debian-gcc 1.0.1 2.50 21.72 24.22 NOTE
r-devel-linux-x86_64-fedora-clang 1.0.1 40.13 NOTE
r-devel-linux-x86_64-fedora-gcc 1.0.1 38.98 NOTE
r-prerel-macos-arm64 1.0.1 16.00 NOTE
r-prerel-windows-x86_64 1.0.1 4.00 44.00 48.00 NOTE
r-patched-linux-x86_64 1.0.1 3.17 27.61 30.78 NOTE
r-release-linux-x86_64 1.0.1 2.85 28.57 31.42 NOTE
r-release-macos-arm64 1.0.1 15.00 NOTE
r-release-macos-x86_64 1.0.1 23.00 NOTE
r-release-windows-x86_64 1.0.1 4.00 45.00 49.00 NOTE
r-oldrel-macos-arm64 1.0.1 17.00 NOTE
r-oldrel-windows-x86_64 1.0.1 5.00 48.00 53.00 NOTE

Check Details

Version: 1.0.1
Check: LazyData
Result: NOTE 'LazyData' is specified without a 'data' directory Flavors: r-devel-linux-x86_64-debian-clang, r-devel-linux-x86_64-debian-gcc, r-devel-linux-x86_64-fedora-clang, r-devel-linux-x86_64-fedora-gcc, r-prerel-macos-arm64, r-prerel-windows-x86_64, r-patched-linux-x86_64, r-release-linux-x86_64, r-release-macos-arm64, r-release-macos-x86_64, r-release-windows-x86_64, r-oldrel-macos-arm64, r-oldrel-windows-x86_64