CRAN Package Check Results for Package JWileymisc

Last updated on 2020-08-14 03:47:48 CEST.

Flavor Version Tinstall Tcheck Ttotal Status Flags
r-devel-linux-x86_64-debian-clang 1.1.1 0.60 2.58 3.18 ERROR
r-devel-linux-x86_64-debian-gcc 1.1.1 19.95 173.65 193.60 OK
r-devel-linux-x86_64-fedora-clang 1.1.1 310.99 OK
r-devel-linux-x86_64-fedora-gcc 1.1.1 301.07 OK
r-devel-windows-ix86+x86_64 1.1.1 67.00 326.00 393.00 OK
r-patched-linux-x86_64 1.1.1 17.85 223.74 241.59 OK
r-patched-solaris-x86 1.1.1 427.00 OK
r-release-linux-x86_64 1.1.1 19.26 224.08 243.34 OK
r-release-macos-x86_64 1.1.1 OK
r-release-windows-ix86+x86_64 1.1.1 71.00 340.00 411.00 OK
r-oldrel-macos-x86_64 1.1.1 OK
r-oldrel-windows-ix86+x86_64 1.1.1 36.00 205.00 241.00 OK

Check Details

Version: 1.1.1
Check: package dependencies
Result: ERROR
    Package required but not available: 'mice'
    
    See section 'The DESCRIPTION file' in the 'Writing R Extensions'
    manual.
Flavor: r-devel-linux-x86_64-debian-clang