CRAN Package Check Results for Package IsoriX

Last updated on 2020-08-04 03:47:54 CEST.

Flavor Version Tinstall Tcheck Ttotal Status Flags
r-devel-linux-x86_64-debian-clang 0.8.1 18.69 146.44 165.13 OK
r-devel-linux-x86_64-debian-gcc 0.8.1 14.82 111.56 126.38 OK
r-devel-linux-x86_64-fedora-clang 0.8.1 203.71 OK
r-devel-linux-x86_64-fedora-gcc 0.8.1 197.69 OK
r-devel-windows-ix86+x86_64 0.8.1 41.00 201.00 242.00 OK
r-patched-linux-x86_64 0.8.1 16.99 148.45 165.44 OK
r-patched-solaris-x86 0.8.1 281.70 OK
r-release-linux-x86_64 0.8.1 19.40 145.80 165.20 OK
r-release-macos-x86_64 0.8.1 OK
r-release-windows-ix86+x86_64 0.8.1 44.00 169.00 213.00 OK
r-oldrel-macos-x86_64 0.8.1 FAIL
r-oldrel-windows-ix86+x86_64 0.8.1 24.00 184.00 208.00 OK

Check Details

Version: 0.8.1
Check: dependencies in R code
Result: FAIL
Flavor: r-oldrel-macos-x86_64