CRAN Package Check Results for Package IsoGene

Last updated on 2020-08-15 03:48:09 CEST.

Flavor Version Tinstall Tcheck Ttotal Status Flags
r-devel-linux-x86_64-debian-clang 1.0-24 8.96 80.26 89.22 OK
r-devel-linux-x86_64-debian-gcc 1.0-24 6.65 60.69 67.34 OK
r-devel-linux-x86_64-fedora-clang 1.0-24 113.98 NOTE
r-devel-linux-x86_64-fedora-gcc 1.0-24 104.88 OK
r-devel-windows-ix86+x86_64 1.0-24 21.00 119.00 140.00 OK
r-patched-linux-x86_64 1.0-24 8.43 79.78 88.21 OK
r-patched-solaris-x86 1.0-24 147.90 OK
r-release-linux-x86_64 1.0-24 8.90 79.57 88.47 OK
r-release-windows-ix86+x86_64 1.0-24 18.00 91.00 109.00 OK
r-oldrel-windows-ix86+x86_64 1.0-24 13.00 92.00 105.00 OK

Check Details

Version: 1.0-24
Check: Rd cross-references
Result: NOTE
    Undeclared package ‘multtest’ in Rd xrefs
Flavor: r-devel-linux-x86_64-fedora-clang