CRAN Package Check Results for Package IntegratedMRF

Last updated on 2020-08-06 15:49:35 CEST.

Flavor Version Tinstall Tcheck Ttotal Status Flags
r-devel-linux-x86_64-debian-clang 1.1.9 23.30 46.57 69.87 NOTE
r-devel-linux-x86_64-debian-gcc 1.1.9 16.80 35.27 52.07 NOTE
r-devel-linux-x86_64-fedora-clang 1.1.9 97.00 NOTE
r-devel-linux-x86_64-fedora-gcc 1.1.9 83.34 NOTE
r-devel-windows-ix86+x86_64 1.1.9 67.00 98.00 165.00 OK
r-patched-linux-x86_64 1.1.9 17.60 44.80 62.40 NOTE
r-patched-solaris-x86 1.1.9 107.70 NOTE
r-release-linux-x86_64 1.1.9 16.80 44.80 61.60 NOTE
r-release-macos-x86_64 1.1.9 OK
r-release-windows-ix86+x86_64 1.1.9 60.00 104.00 164.00 OK
r-oldrel-macos-x86_64 1.1.9 OK
r-oldrel-windows-ix86+x86_64 1.1.9 43.00 108.00 151.00 OK

Check Details

Version: 1.1.9
Check: for non-standard things in the check directory
Result: NOTE
    Found the following files/directories:
     'Error_Estimation_Response_1.tiff' 'Error_Estimation_Response_2.tiff'
     'Error_Estimation_Response_3.tiff'
Flavors: r-devel-linux-x86_64-debian-clang, r-devel-linux-x86_64-debian-gcc, r-devel-linux-x86_64-fedora-clang, r-devel-linux-x86_64-fedora-gcc, r-patched-linux-x86_64, r-patched-solaris-x86, r-release-linux-x86_64