CRAN Package Check Results for Package IntNMF

Last updated on 2020-06-02 03:47:52 CEST.

Flavor Version Tinstall Tcheck Ttotal Status Flags
r-devel-linux-x86_64-debian-clang 1.2.0 10.18 115.30 125.48 OK
r-devel-linux-x86_64-debian-gcc 1.2.0 8.31 87.74 96.05 OK
r-devel-linux-x86_64-fedora-clang 1.2.0 156.23 OK
r-devel-linux-x86_64-fedora-gcc 1.2.0 144.39 OK
r-devel-windows-ix86+x86_64 1.2.0 32.00 147.00 179.00 OK
r-patched-linux-x86_64 1.2.0 8.18 111.33 119.51 OK
r-patched-solaris-x86 1.2.0 218.50 OK
r-release-linux-x86_64 1.2.0 8.35 111.17 119.52 OK
r-release-osx-x86_64 1.2.0 OK
r-release-windows-ix86+x86_64 1.2.0 24.00 134.00 158.00 OK
r-oldrel-osx-x86_64 1.2.0 NOTE
r-oldrel-windows-ix86+x86_64 1.2.0 21.00 115.00 136.00 OK

Check Details

Version: 1.2.0
Check: R code for possible problems
Result: NOTE
    .nndsvd.internal: no visible global function definition for ‘runif’
    nmf.mnnals: no visible global function definition for ‘runif’
    nmf.opt.k: no visible global function definition for ‘flush.console’
    nmf.opt.k: no visible global function definition for ‘points’
    nmf.opt.k: no visible global function definition for ‘lines’
    nmf.opt.k: no visible global function definition for ‘mtext’
    Undefined global functions or variables:
     flush.console lines mtext points runif
    Consider adding
     importFrom("graphics", "lines", "mtext", "points")
     importFrom("stats", "runif")
     importFrom("utils", "flush.console")
    to your NAMESPACE file.
Flavor: r-oldrel-osx-x86_64