CRAN Package Check Results for Package IgorR

Last updated on 2020-06-06 03:48:29 CEST.

Flavor Version Tinstall Tcheck Ttotal Status Flags
r-devel-linux-x86_64-debian-clang 0.8.1 2.11 26.28 28.39 NOTE
r-devel-linux-x86_64-debian-gcc 0.8.1 2.23 20.43 22.66 NOTE
r-devel-linux-x86_64-fedora-clang 0.8.1 43.31 NOTE
r-devel-linux-x86_64-fedora-gcc 0.8.1 34.63 OK
r-devel-windows-ix86+x86_64 0.8.1 9.00 54.00 63.00 OK
r-patched-linux-x86_64 0.8.1 2.62 26.22 28.84 NOTE
r-patched-solaris-x86 0.8.1 52.80 OK
r-release-linux-x86_64 0.8.1 2.86 26.33 29.19 NOTE
r-release-osx-x86_64 0.8.1 OK
r-release-windows-ix86+x86_64 0.8.1 6.00 57.00 63.00 OK
r-oldrel-osx-x86_64 0.8.1 OK
r-oldrel-windows-ix86+x86_64 0.8.1 9.00 40.00 49.00 OK

Check Details

Version: 0.8.1
Check: R code for possible problems
Result: NOTE
    Found the following assignments to the global environment:
    File 'IgorR/R/ReadIgorBinary.R':
     assign(WaveName, rval, envir = .GlobalEnv)
Flavors: r-devel-linux-x86_64-debian-clang, r-devel-linux-x86_64-debian-gcc, r-devel-linux-x86_64-fedora-clang, r-patched-linux-x86_64, r-release-linux-x86_64