Last updated on 2023-12-06 16:53:14 CET.
Flavor | Version | Tinstall | Tcheck | Ttotal | Status | Flags |
---|---|---|---|---|---|---|
r-devel-linux-x86_64-debian-clang | 1.0.4 | 11.40 | 180.65 | 192.05 | OK | |
r-devel-linux-x86_64-debian-gcc | 1.0.4 | 10.39 | 134.80 | 145.19 | OK | |
r-devel-linux-x86_64-fedora-clang | 1.0.4 | 236.55 | NOTE | |||
r-devel-linux-x86_64-fedora-gcc | 1.0.4 | 246.15 | NOTE | |||
r-devel-windows-x86_64 | 1.0.4 | 12.00 | 170.00 | 182.00 | OK | |
r-patched-linux-x86_64 | 1.0.4 | 10.67 | 169.82 | 180.49 | OK | |
r-release-linux-x86_64 | 1.0.4 | 9.31 | 167.37 | 176.68 | OK | |
r-release-macos-arm64 | 1.0.4 | 96.00 | OK | |||
r-release-macos-x86_64 | 1.0.4 | 135.00 | OK | |||
r-release-windows-x86_64 | 1.0.4 | 16.00 | 187.00 | 203.00 | OK | |
r-oldrel-macos-arm64 | 1.0.4 | 93.00 | NOTE | |||
r-oldrel-macos-x86_64 | 1.0.4 | 112.00 | NOTE | |||
r-oldrel-windows-x86_64 | 1.0.4 | 17.00 | 201.00 | 218.00 | OK |
Version: 1.0.4
Check: data for non-ASCII characters
Result: NOTE
Note: found 10 marked UTF-8 strings
Flavors: r-devel-linux-x86_64-fedora-clang, r-devel-linux-x86_64-fedora-gcc, r-oldrel-macos-arm64, r-oldrel-macos-x86_64
Version: 1.0.4
Check: for detritus in the temp directory
Result: NOTE
Found the following files/directories:
‘Crashpad’
Flavor: r-devel-linux-x86_64-fedora-gcc