Last updated on 2023-12-06 03:50:02 CET.
Flavor | Version | Tinstall | Tcheck | Ttotal | Status | Flags |
---|---|---|---|---|---|---|
r-devel-linux-x86_64-debian-clang | 0.7.5 | 14.55 | 149.26 | 163.81 | OK | |
r-devel-linux-x86_64-debian-gcc | 0.7.5 | 12.10 | 109.53 | 121.63 | OK | |
r-devel-linux-x86_64-fedora-clang | 0.7.5 | 202.20 | NOTE | |||
r-devel-linux-x86_64-fedora-gcc | 0.7.5 | 203.64 | NOTE | |||
r-devel-windows-x86_64 | 0.7.5 | 13.00 | 126.00 | 139.00 | OK | |
r-patched-linux-x86_64 | 0.7.5 | 10.52 | 139.58 | 150.10 | OK | |
r-release-linux-x86_64 | 0.7.5 | 11.65 | 142.34 | 153.99 | OK | |
r-release-macos-arm64 | 0.7.5 | 76.00 | OK | |||
r-release-macos-x86_64 | 0.7.5 | 123.00 | OK | |||
r-release-windows-x86_64 | 0.7.5 | 18.00 | 155.00 | 173.00 | OK | |
r-oldrel-macos-arm64 | 0.7.5 | 60.00 | NOTE | |||
r-oldrel-macos-x86_64 | 0.7.5 | 117.00 | NOTE | |||
r-oldrel-windows-x86_64 | 0.7.5 | 18.00 | 154.00 | 172.00 | OK |
Version: 0.7.5
Check: dependencies in R code
Result: NOTE
Namespaces in Imports field not imported from:
‘gmodels’ ‘lmtest’ ‘testthat’ ‘tidyverse’ ‘zoo’
All declared Imports should be used.
Flavors: r-devel-linux-x86_64-fedora-clang, r-devel-linux-x86_64-fedora-gcc, r-oldrel-macos-arm64, r-oldrel-macos-x86_64