CRAN Package Check Results for Package INTRIGUE

Last updated on 2024-02-26 04:49:30 CET.

Flavor Version Tinstall Tcheck Ttotal Status Flags
r-devel-linux-x86_64-debian-clang 0.1.0 3.17 33.84 37.01 OK
r-devel-linux-x86_64-debian-gcc 0.1.0 2.75 25.42 28.17 OK
r-devel-linux-x86_64-fedora-clang 0.1.0 45.55 NOTE
r-devel-linux-x86_64-fedora-gcc 0.1.0 44.21 NOTE
r-devel-windows-x86_64 0.1.0 4.00 46.00 50.00 OK
r-patched-linux-x86_64 0.1.0 3.81 33.03 36.84 OK
r-release-linux-x86_64 0.1.0 3.70 32.92 36.62 OK
r-release-macos-arm64 0.1.0 20.00 OK
r-release-macos-x86_64 0.1.0 24.00 OK
r-release-windows-x86_64 0.1.0 5.00 49.00 54.00 OK
r-oldrel-macos-arm64 0.1.0 19.00 NOTE
r-oldrel-windows-x86_64 0.1.0 4.00 52.00 56.00 OK

Check Details

Version: 0.1.0
Check: dependencies in R code
Result: NOTE Namespace in Imports field not imported from: ‘dplyr’ All declared Imports should be used. Flavors: r-devel-linux-x86_64-fedora-clang, r-devel-linux-x86_64-fedora-gcc, r-oldrel-macos-arm64