CRAN Package Check Results for Package INLAMSM

Last updated on 2020-08-11 15:48:39 CEST.

Flavor Version Tinstall Tcheck Ttotal Status Flags
r-devel-linux-x86_64-debian-clang 0.1 9.00 71.92 80.92 NOTE
r-devel-linux-x86_64-debian-gcc 0.1 7.16 53.91 61.07 NOTE
r-devel-linux-x86_64-fedora-clang 0.1 104.02 OK
r-devel-linux-x86_64-fedora-gcc 0.1 92.70 OK
r-devel-windows-ix86+x86_64 0.1 22.00 104.00 126.00 OK
r-patched-linux-x86_64 0.1 8.17 70.14 78.31 NOTE
r-patched-solaris-x86 0.1 157.90 NOTE
r-release-linux-x86_64 0.1 9.31 68.56 77.87 NOTE
r-release-macos-x86_64 0.1 NOTE
r-release-windows-ix86+x86_64 0.1 4.00 7.00 11.00 ERROR
r-oldrel-macos-x86_64 0.1 NOTE
r-oldrel-windows-ix86+x86_64 0.1 13.00 63.00 76.00 OK

Additional issues

donttest

Check Details

Version: 0.1
Check: package dependencies
Result: NOTE
    Package suggested but not available for checking: 'INLA'
Flavors: r-devel-linux-x86_64-debian-clang, r-devel-linux-x86_64-debian-gcc, r-patched-linux-x86_64, r-patched-solaris-x86, r-release-linux-x86_64, r-release-macos-x86_64, r-oldrel-macos-x86_64

Version: 0.1
Check: whether package can be installed
Result: ERROR
    Installation failed.
Flavor: r-release-windows-ix86+x86_64