CRAN Package Check Results for Package IMTest

Last updated on 2020-08-15 03:48:08 CEST.

Flavor Version Tinstall Tcheck Ttotal Status Flags
r-devel-linux-x86_64-debian-clang 1.0.0 9.25 331.91 341.16 OK
r-devel-linux-x86_64-debian-gcc 1.0.0 6.40 248.73 255.13 OK
r-devel-linux-x86_64-fedora-clang 1.0.0 404.40 NOTE
r-devel-linux-x86_64-fedora-gcc 1.0.0 392.42 NOTE
r-devel-windows-ix86+x86_64 1.0.0 21.00 453.00 474.00 OK
r-patched-linux-x86_64 1.0.0 7.58 323.13 330.71 OK
r-patched-solaris-x86 1.0.0 960.30 NOTE
r-release-linux-x86_64 1.0.0 6.89 317.34 324.23 OK
r-release-macos-x86_64 1.0.0 NOTE
r-release-windows-ix86+x86_64 1.0.0 23.00 350.00 373.00 OK
r-oldrel-macos-x86_64 1.0.0 NOTE
r-oldrel-windows-ix86+x86_64 1.0.0 12.00 363.00 375.00 OK

Check Details

Version: 1.0.0
Check: dependencies in R code
Result: NOTE
    Namespaces in Imports field not imported from:
     ‘lme4’ ‘reshape2’
     All declared Imports should be used.
Flavors: r-devel-linux-x86_64-fedora-clang, r-devel-linux-x86_64-fedora-gcc, r-patched-solaris-x86, r-release-macos-x86_64, r-oldrel-macos-x86_64