CRAN Package Check Results for Package IMD

Last updated on 2024-03-03 16:50:00 CET.

Flavor Version Tinstall Tcheck Ttotal Status Flags
r-devel-linux-x86_64-debian-clang 1.2.2 5.87 43.40 49.27 OK
r-devel-linux-x86_64-debian-gcc 1.2.2 4.96 32.47 37.43 OK
r-devel-linux-x86_64-fedora-clang 1.2.2 59.64 NOTE
r-devel-linux-x86_64-fedora-gcc 1.2.2 58.46 NOTE
r-devel-windows-x86_64 1.2.2 8.00 58.00 66.00 OK
r-patched-linux-x86_64 1.2.2 6.37 41.56 47.93 OK
r-release-linux-x86_64 1.2.2 4.97 42.28 47.25 OK
r-release-macos-arm64 1.2.2 27.00 OK
r-release-macos-x86_64 1.2.2 39.00 NOTE
r-release-windows-x86_64 1.2.2 12.00 66.00 78.00 OK
r-oldrel-macos-arm64 1.2.2 27.00 NOTE
r-oldrel-windows-x86_64 1.2.2 10.00 62.00 72.00 OK

Check Details

Version: 1.2.2
Check: data for non-ASCII characters
Result: NOTE Note: found 2 marked UTF-8 strings Flavors: r-devel-linux-x86_64-fedora-clang, r-devel-linux-x86_64-fedora-gcc, r-oldrel-macos-arm64

Version: 1.2.2
Check: installed package size
Result: NOTE installed size is 5.8Mb sub-directories of 1Mb or more: data 5.5Mb Flavor: r-release-macos-x86_64