CRAN Package Check Results for Package IDPmisc

Last updated on 2024-03-02 04:48:24 CET.

Flavor Version Tinstall Tcheck Ttotal Status Flags
r-devel-linux-x86_64-debian-clang 1.1.21 8.05 62.38 70.43 OK
r-devel-linux-x86_64-debian-gcc 1.1.21 5.86 45.47 51.33 OK
r-devel-linux-x86_64-fedora-clang 1.1.21 85.89 NOTE
r-devel-linux-x86_64-fedora-gcc 1.1.21 85.98 OK
r-devel-windows-x86_64 1.1.21 10.00 70.00 80.00 OK
r-patched-linux-x86_64 1.1.21 10.42 61.08 71.50 OK
r-release-linux-x86_64 1.1.21 8.83 60.69 69.52 OK
r-release-macos-arm64 1.1.21 42.00 OK
r-release-macos-x86_64 1.1.21 76.00 OK
r-release-windows-x86_64 1.1.21 12.00 83.00 95.00 OK
r-oldrel-macos-arm64 1.1.21 37.00 OK
r-oldrel-windows-x86_64 1.1.21 14.00 80.00 94.00 OK

Check Details

Version: 1.1.21
Check: Rd cross-references
Result: NOTE Undeclared packages ‘sfsmisc’, ‘RColorBrewer’, ‘hexbin’ in Rd xrefs Flavor: r-devel-linux-x86_64-fedora-clang