Last updated on 2023-12-08 16:54:10 CET.
Flavor | Version | Tinstall | Tcheck | Ttotal | Status | Flags |
---|---|---|---|---|---|---|
r-devel-linux-x86_64-debian-clang | 3.1 | 34.09 | 75.54 | 109.63 | NOTE | |
r-devel-linux-x86_64-debian-gcc | 3.1 | 24.94 | 58.12 | 83.06 | NOTE | |
r-devel-linux-x86_64-fedora-clang | 3.1 | 154.37 | NOTE | |||
r-devel-linux-x86_64-fedora-gcc | 3.1 | 150.30 | NOTE | |||
r-devel-windows-x86_64 | 3.1 | 28.00 | 86.00 | 114.00 | NOTE | |
r-patched-linux-x86_64 | 3.1 | 26.20 | 76.54 | 102.74 | NOTE | |
r-release-linux-x86_64 | 3.1 | 30.69 | 74.23 | 104.92 | NOTE | |
r-release-macos-arm64 | 3.1 | 41.00 | NOTE | |||
r-release-macos-x86_64 | 3.1 | 70.00 | NOTE | |||
r-release-windows-x86_64 | 3.1 | 36.00 | 102.00 | 138.00 | NOTE | |
r-oldrel-macos-arm64 | 3.1 | 38.00 | OK | |||
r-oldrel-macos-x86_64 | 3.1 | 54.00 | OK | |||
r-oldrel-windows-x86_64 | 3.1 | 33.00 | 105.00 | 138.00 | OK |
Version: 3.1
Check: C++ specification
Result: NOTE
Specified C++11: please drop specification unless essential
Flavors: r-devel-linux-x86_64-debian-clang, r-devel-linux-x86_64-debian-gcc, r-devel-linux-x86_64-fedora-clang, r-devel-linux-x86_64-fedora-gcc, r-devel-windows-x86_64, r-patched-linux-x86_64, r-release-linux-x86_64, r-release-macos-arm64, r-release-macos-x86_64, r-release-windows-x86_64
Version: 3.1
Check: Rd files
Result: NOTE
checkRd: (-1) ic.ranks.Rd:46: Lost braces; missing escapes or markup?
46 | \item{n_adjust}{an integer-valued entry for advanced control over the lower- or upper-bound algorithms. When the "adjustL" parameter is TRUE, the new value of n_adjust is chosen automatically as the best adjustment on the lower affine bound of the chi-square quantiles according to the data. If adjustU is TRUE, then n_adjust contains the point at which the upper affine bound is tangent on the chi-square quantiles. Possible values {1,...,n-1}. If both adjustL and adjustU variables are left FALSE, then the default choice is that the lower affine bound passes between the chi-square quantiles at 1 and n-1 degrees of freedom, and the upper affine bound is tangent on n-1.}
| ^
Flavors: r-devel-linux-x86_64-debian-clang, r-devel-linux-x86_64-debian-gcc