CRAN Package Check Results for Package ICAMS

Last updated on 2020-05-25 15:49:02 CEST.

Flavor Version Tinstall Tcheck Ttotal Status Flags
r-devel-linux-x86_64-debian-clang 2.1.2 46.53 605.92 652.45 OK
r-devel-linux-x86_64-debian-gcc 2.1.2 42.31 498.36 540.67 OK
r-devel-linux-x86_64-fedora-clang 2.1.2 577.42 NOTE
r-devel-linux-x86_64-fedora-gcc 2.1.2 546.66 NOTE
r-devel-windows-ix86+x86_64 2.1.2 107.00 615.00 722.00 OK
r-patched-linux-x86_64 2.1.2 44.44 580.69 625.13 OK
r-patched-solaris-x86 2.1.2 776.30 NOTE
r-release-linux-x86_64 2.1.2 48.05 566.27 614.32 OK
r-release-osx-x86_64 2.1.2 NOTE
r-release-windows-ix86+x86_64 2.1.2 123.00 621.00 744.00 OK
r-oldrel-osx-x86_64 2.1.2 ERROR
r-oldrel-windows-ix86+x86_64 2.1.2 80.00 578.00 658.00 OK

Check Details

Version: 2.1.2
Check: package dependencies
Result: NOTE
    Packages suggested but not available for checking:
     'BSgenome.Hsapiens.1000genomes.hs37d5',
     'BSgenome.Mmusculus.UCSC.mm10'
Flavors: r-devel-linux-x86_64-fedora-clang, r-devel-linux-x86_64-fedora-gcc, r-patched-solaris-x86, r-release-osx-x86_64

Version: 2.1.2
Check: Rd cross-references
Result: NOTE
    Packages unavailable to check Rd xrefs: ‘BSgenome.Hsapiens.1000genomes.hs37d5’, ‘BSgenome.Mmusculus.UCSC.mm10’
Flavors: r-devel-linux-x86_64-fedora-clang, r-devel-linux-x86_64-fedora-gcc, r-patched-solaris-x86, r-release-osx-x86_64

Version: 2.1.2
Check: package dependencies
Result: NOTE
    Packages suggested but not available for checking:
     'BSgenome.Hsapiens.1000genomes.hs37d5',
     'BSgenome.Hsapiens.UCSC.hg38', 'BSgenome.Mmusculus.UCSC.mm10'
Flavor: r-oldrel-osx-x86_64

Version: 2.1.2
Check: whether package can be installed
Result: ERROR
    Installation failed.
Flavor: r-oldrel-osx-x86_64