CRAN Package Check Results for Package ICAFF

Last updated on 2020-06-01 15:47:45 CEST.

Flavor Version Tinstall Tcheck Ttotal Status Flags
r-devel-linux-x86_64-debian-clang 1.0.1 2.06 20.28 22.34 NOTE
r-devel-linux-x86_64-debian-gcc 1.0.1 1.79 16.30 18.09 NOTE
r-devel-linux-x86_64-fedora-clang 1.0.1 35.69 NOTE
r-devel-linux-x86_64-fedora-gcc 1.0.1 27.04 NOTE
r-devel-windows-ix86+x86_64 1.0.1 5.00 44.00 49.00 NOTE
r-patched-linux-x86_64 1.0.1 2.40 20.65 23.05 NOTE
r-patched-solaris-x86 1.0.1 42.00 NOTE
r-release-linux-x86_64 1.0.1 2.15 20.77 22.92 NOTE
r-release-osx-x86_64 1.0.1 NOTE
r-release-windows-ix86+x86_64 1.0.1 6.00 30.00 36.00 NOTE
r-oldrel-osx-x86_64 1.0.1 NOTE
r-oldrel-windows-ix86+x86_64 1.0.1 5.00 54.00 59.00 NOTE

Check Details

Version: 1.0.1
Check: R code for possible problems
Result: NOTE
    ICA: no visible global function definition for 'runif'
    Undefined global functions or variables:
     runif
    Consider adding
     importFrom("stats", "runif")
    to your NAMESPACE file.
Flavors: r-devel-linux-x86_64-debian-clang, r-devel-linux-x86_64-debian-gcc, r-devel-linux-x86_64-fedora-clang, r-devel-linux-x86_64-fedora-gcc, r-devel-windows-ix86+x86_64, r-patched-linux-x86_64, r-patched-solaris-x86, r-release-linux-x86_64, r-release-osx-x86_64, r-release-windows-ix86+x86_64

Version: 1.0.1
Check: R code for possible problems
Result: NOTE
    ICA: no visible global function definition for ‘runif’
    plot.ICA: no visible global function definition for ‘plot’
    Undefined global functions or variables:
     plot runif
    Consider adding
     importFrom("graphics", "plot")
     importFrom("stats", "runif")
    to your NAMESPACE file.
Flavors: r-oldrel-osx-x86_64, r-oldrel-windows-ix86+x86_64