CRAN Package Check Results for Package HistogramTools

Last updated on 2020-08-09 15:47:46 CEST.

Flavor Version Tinstall Tcheck Ttotal Status Flags
r-devel-linux-x86_64-debian-clang 0.3.2 9.91 108.60 118.51 OK
r-devel-linux-x86_64-debian-gcc 0.3.2 9.54 82.43 91.97 OK
r-devel-linux-x86_64-fedora-clang 0.3.2 149.57 OK
r-devel-linux-x86_64-fedora-gcc 0.3.2 140.66 OK
r-devel-windows-ix86+x86_64 0.3.2 36.00 180.00 216.00 OK
r-patched-linux-x86_64 0.3.2 7.20 104.96 112.16 OK
r-patched-solaris-x86 0.3.2 210.40 NOTE
r-release-linux-x86_64 0.3.2 7.20 105.24 112.44 OK
r-release-macos-x86_64 0.3.2 OK
r-release-windows-ix86+x86_64 0.3.2 32.00 197.00 229.00 OK
r-oldrel-macos-x86_64 0.3.2 OK
r-oldrel-windows-ix86+x86_64 0.3.2 18.00 118.00 136.00 OK

Check Details

Version: 0.3.2
Check: package dependencies
Result: NOTE
    Package which this enhances but not available for checking: ‘RProtoBuf’
Flavor: r-patched-solaris-x86